{"id":74,"date":"2019-12-31T15:46:56","date_gmt":"2019-12-31T15:46:56","guid":{"rendered":"http:\/\/www.klangschmiede-kricke.ch\/?page_id=74"},"modified":"2022-07-26T05:20:23","modified_gmt":"2022-07-26T05:20:23","slug":"holz","status":"publish","type":"page","link":"https:\/\/www.klangschmiede-kricke.ch\/index.php\/holz\/","title":{"rendered":"Klarinetten"},"content":{"rendered":"\n<p>Auch bei der Klarinette stellt sich die Frage, ob man immer unbedingt ein neues Instrument kaufen muss. <br>Aus \u00f6kologischer Sicht werden die Machenschaften im heutigen Klarinettenbau immer fragw\u00fcrdig. Dort wird teilweise mit H\u00f6lzern gehandelt, die eigentlich streng gesch\u00fctzt sind. Zudem sorgt eine forcierte, k\u00fcnstliche Trocknung der H\u00f6lzer nicht gerade f\u00fcr Vertrauen im Schutz vor Rissbildung.<br>Bei den folgenden Instrumenten handelt es sich um qualitativ hochwertige Instrumente, bei denen eine komplette, gr\u00fcndliche Revision gemacht wurde. <br>Daf\u00fcr suche ich Instrumente aus, die keine substanziellen Sch\u00e4den vorweisen, aus einer gewissen Zeit stammen und auch schon vor der Revision durch das Anspielen verraten, dass sich eine solche Arbeit lohnt. <br><\/p>\n","protected":false},"excerpt":{"rendered":"<p>Auch bei der Klarinette stellt sich die Frage, ob man immer unbedingt ein neues Instrument kaufen muss. Aus \u00f6kologischer Sicht werden die Machenschaften im heutigen Klarinettenbau immer fragw\u00fcrdig. Dort wird<\/p>\n<p class=\"more-link\"><a href=\"https:\/\/www.klangschmiede-kricke.ch\/index.php\/holz\/\" class=\"readmore\">Continue reading&#8230;<span class=\"screen-reader-text\">Klarinetten<\/span><\/a><\/p>\n","protected":false},"author":1,"featured_media":0,"parent":0,"menu_order":0,"comment_status":"closed","ping_status":"closed","template":"","meta":[],"_links":{"self":[{"href":"https:\/\/www.klangschmiede-kricke.ch\/index.php\/wp-json\/wp\/v2\/pages\/74"}],"collection":[{"href":"https:\/\/www.klangschmiede-kricke.ch\/index.php\/wp-json\/wp\/v2\/pages"}],"about":[{"href":"https:\/\/www.klangschmiede-kricke.ch\/index.php\/wp-json\/wp\/v2\/types\/page"}],"author":[{"embeddable":true,"href":"https:\/\/www.klangschmiede-kricke.ch\/index.php\/wp-json\/wp\/v2\/users\/1"}],"replies":[{"embeddable":true,"href":"https:\/\/www.klangschmiede-kricke.ch\/index.php\/wp-json\/wp\/v2\/comments?post=74"}],"version-history":[{"count":50,"href":"https:\/\/www.klangschmiede-kricke.ch\/index.php\/wp-json\/wp\/v2\/pages\/74\/revisions"}],"predecessor-version":[{"id":2011,"href":"https:\/\/www.klangschmiede-kricke.ch\/index.php\/wp-json\/wp\/v2\/pages\/74\/revisions\/2011"}],"wp:attachment":[{"href":"https:\/\/www.klangschmiede-kricke.ch\/index.php\/wp-json\/wp\/v2\/media?parent=74"}],"curies":[{"name":"wp","href":"https:\/\/api.w.org\/{rel}","templated":true}]}}