{"id":53,"date":"2019-12-31T15:20:06","date_gmt":"2019-12-31T15:20:06","guid":{"rendered":"http:\/\/www.klangschmiede-kricke.ch\/?page_id=53"},"modified":"2024-12-22T12:06:17","modified_gmt":"2024-12-22T12:06:17","slug":"kontakt","status":"publish","type":"page","link":"https:\/\/www.klangschmiede-kricke.ch\/index.php\/kontakt\/","title":{"rendered":"Kontakt"},"content":{"rendered":"\n<p>Raumstelle<br>c\/o Klangschmiede Kricke<br>S\u00e4genstrasse 78<br>7000 Chur<\/p>\n\n\n\n<p>Bj\u00f6rn Kricke<br><a href=\"mailto:resonant@gmx.ch\">resonant@gmx.ch<\/a><br>Tel.: 078 604 11 78<\/p>\n\n\n\n<h3>\u00d6FFNUNGSZEITEN<\/h3>\n\n\n\n<p>Montag bis Samstag, 9\u201417 Uhr<br><\/p>\n\n\n\n<p><\/p>\n","protected":false},"excerpt":{"rendered":"<p>Raumstellec\/o Klangschmiede KrickeS\u00e4genstrasse 787000 Chur Bj\u00f6rn Krickeresonant@gmx.chTel.: 078 604 11 78 \u00d6FFNUNGSZEITEN Montag bis Samstag, 9\u201417 Uhr<\/p>\n","protected":false},"author":1,"featured_media":0,"parent":0,"menu_order":0,"comment_status":"closed","ping_status":"closed","template":"","meta":[],"_links":{"self":[{"href":"https:\/\/www.klangschmiede-kricke.ch\/index.php\/wp-json\/wp\/v2\/pages\/53"}],"collection":[{"href":"https:\/\/www.klangschmiede-kricke.ch\/index.php\/wp-json\/wp\/v2\/pages"}],"about":[{"href":"https:\/\/www.klangschmiede-kricke.ch\/index.php\/wp-json\/wp\/v2\/types\/page"}],"author":[{"embeddable":true,"href":"https:\/\/www.klangschmiede-kricke.ch\/index.php\/wp-json\/wp\/v2\/users\/1"}],"replies":[{"embeddable":true,"href":"https:\/\/www.klangschmiede-kricke.ch\/index.php\/wp-json\/wp\/v2\/comments?post=53"}],"version-history":[{"count":10,"href":"https:\/\/www.klangschmiede-kricke.ch\/index.php\/wp-json\/wp\/v2\/pages\/53\/revisions"}],"predecessor-version":[{"id":3138,"href":"https:\/\/www.klangschmiede-kricke.ch\/index.php\/wp-json\/wp\/v2\/pages\/53\/revisions\/3138"}],"wp:attachment":[{"href":"https:\/\/www.klangschmiede-kricke.ch\/index.php\/wp-json\/wp\/v2\/media?parent=53"}],"curies":[{"name":"wp","href":"https:\/\/api.w.org\/{rel}","templated":true}]}}