{"id":50,"date":"2019-12-31T15:19:17","date_gmt":"2019-12-31T15:19:17","guid":{"rendered":"http:\/\/www.klangschmiede-kricke.ch\/?page_id=50"},"modified":"2023-04-07T08:44:56","modified_gmt":"2023-04-07T08:44:56","slug":"occasionen","status":"publish","type":"page","link":"https:\/\/www.klangschmiede-kricke.ch\/index.php\/occasionen\/","title":{"rendered":"Occasionen"},"content":{"rendered":"\n<p>Alt und gebraucht &#8211; das sind noch lang keine negativen Attribute f\u00fcr ein Blasinstrument.\u00a0Eher im Gegenteil!\u00a0<br>Es gab eine Zeit, in der beim Bau von Instrumenten alle Teile, von der einzelnen Klappe bis zum Korpus, im eigenen Werk fabriziert wurden. Es ist immer wieder erstaunlich zu sehen mit wie vielen, unterschiedlichen Ideen und Konzepte Hersteller ans Werk gegangen sind, wie Mechaniken gebaut wurden oder wie aufwendig der Korpus mit eigenen Tonlochgr\u00f6ssen und Abst\u00e4nden hergestellt wurde. <br>Ich habe hier Instrumente, die mit h\u00f6chster Genauigkeit fabriziert wurden und vor allem aus wesentlich besserem Material gefertigt sind als die heutige Ware. <br>Dabei hat jedes Instrument seinen eigenen Charakter, ohne, wie eine Kopie des anderen zu wirken. <br>Lange Jahre t\u00e4tig im Verkauf von neuen Instrumenten, wurden und werden die Argumente zum Werben f\u00fcr diese Produkte immer fadenscheiniger.<br>Ich verstehe es als meine Aufgabe, den alten, solide und sorgf\u00e4ltig gebauten Instrumenten neues Leben einzuhauchen. <br>Dabei greife ich auf meine \u00fcber 20 j\u00e4hrige Erfahrung im Bau und Restaurieren von Holzblasinstrumenten zur\u00fcck, verwende bew\u00e4hrte Materialien, neu entwickelt Werkstoffe und eigens angefertigte Einzelteile.<br>So kann man nachhaltig sehr viel Freude mit diesen alten oder neu erwachten Liebhaber-St\u00fccken haben! <br><br><\/p>\n\n\n\n<p><\/p>\n","protected":false},"excerpt":{"rendered":"<p>Alt und gebraucht &#8211; das sind noch lang keine negativen Attribute f\u00fcr ein Blasinstrument.\u00a0Eher im Gegenteil!\u00a0Es gab eine Zeit, in der beim Bau von Instrumenten alle Teile, von der einzelnen<\/p>\n<p class=\"more-link\"><a href=\"https:\/\/www.klangschmiede-kricke.ch\/index.php\/occasionen\/\" class=\"readmore\">Continue reading&#8230;<span class=\"screen-reader-text\">Occasionen<\/span><\/a><\/p>\n","protected":false},"author":1,"featured_media":0,"parent":0,"menu_order":0,"comment_status":"closed","ping_status":"closed","template":"","meta":[],"_links":{"self":[{"href":"https:\/\/www.klangschmiede-kricke.ch\/index.php\/wp-json\/wp\/v2\/pages\/50"}],"collection":[{"href":"https:\/\/www.klangschmiede-kricke.ch\/index.php\/wp-json\/wp\/v2\/pages"}],"about":[{"href":"https:\/\/www.klangschmiede-kricke.ch\/index.php\/wp-json\/wp\/v2\/types\/page"}],"author":[{"embeddable":true,"href":"https:\/\/www.klangschmiede-kricke.ch\/index.php\/wp-json\/wp\/v2\/users\/1"}],"replies":[{"embeddable":true,"href":"https:\/\/www.klangschmiede-kricke.ch\/index.php\/wp-json\/wp\/v2\/comments?post=50"}],"version-history":[{"count":24,"href":"https:\/\/www.klangschmiede-kricke.ch\/index.php\/wp-json\/wp\/v2\/pages\/50\/revisions"}],"predecessor-version":[{"id":2439,"href":"https:\/\/www.klangschmiede-kricke.ch\/index.php\/wp-json\/wp\/v2\/pages\/50\/revisions\/2439"}],"wp:attachment":[{"href":"https:\/\/www.klangschmiede-kricke.ch\/index.php\/wp-json\/wp\/v2\/media?parent=50"}],"curies":[{"name":"wp","href":"https:\/\/api.w.org\/{rel}","templated":true}]}}