{"id":2732,"date":"2023-12-16T06:36:25","date_gmt":"2023-12-16T06:36:25","guid":{"rendered":"https:\/\/www.klangschmiede-kricke.ch\/?page_id=2732"},"modified":"2024-02-13T05:14:52","modified_gmt":"2024-02-13T05:14:52","slug":"trompete-getzen-eterna-2","status":"publish","type":"page","link":"https:\/\/www.klangschmiede-kricke.ch\/index.php\/trompete-getzen-eterna-2\/","title":{"rendered":"Trompete Getzen &#171;Eterna 2&#187;"},"content":{"rendered":"\n<figure class=\"wp-block-image size-full\"><img loading=\"lazy\" width=\"683\" height=\"1024\" src=\"https:\/\/www.klangschmiede-kricke.ch\/wp-content\/uploads\/2023\/12\/Bb-Trompete-Getzen-Eterna-2-0.jpg\" alt=\"\" class=\"wp-image-2733\" srcset=\"https:\/\/www.klangschmiede-kricke.ch\/wp-content\/uploads\/2023\/12\/Bb-Trompete-Getzen-Eterna-2-0.jpg 683w, https:\/\/www.klangschmiede-kricke.ch\/wp-content\/uploads\/2023\/12\/Bb-Trompete-Getzen-Eterna-2-0-200x300.jpg 200w\" sizes=\"(max-width: 683px) 100vw, 683px\" \/><\/figure>\n\n\n\n<figure class=\"wp-block-image size-full\"><img loading=\"lazy\" width=\"1024\" height=\"683\" src=\"https:\/\/www.klangschmiede-kricke.ch\/wp-content\/uploads\/2023\/12\/Bb-Trompete-Getzen-Eterna-2-1.jpg\" alt=\"\" class=\"wp-image-2734\" srcset=\"https:\/\/www.klangschmiede-kricke.ch\/wp-content\/uploads\/2023\/12\/Bb-Trompete-Getzen-Eterna-2-1.jpg 1024w, https:\/\/www.klangschmiede-kricke.ch\/wp-content\/uploads\/2023\/12\/Bb-Trompete-Getzen-Eterna-2-1-300x200.jpg 300w, https:\/\/www.klangschmiede-kricke.ch\/wp-content\/uploads\/2023\/12\/Bb-Trompete-Getzen-Eterna-2-1-768x512.jpg 768w\" sizes=\"(max-width: 1024px) 100vw, 1024px\" \/><\/figure>\n\n\n\n<figure class=\"wp-block-image size-full\"><img loading=\"lazy\" width=\"1024\" height=\"683\" src=\"https:\/\/www.klangschmiede-kricke.ch\/wp-content\/uploads\/2023\/12\/Bb-Trompete-Getzen-Eterna-2-4.jpg\" alt=\"\" class=\"wp-image-2736\" srcset=\"https:\/\/www.klangschmiede-kricke.ch\/wp-content\/uploads\/2023\/12\/Bb-Trompete-Getzen-Eterna-2-4.jpg 1024w, https:\/\/www.klangschmiede-kricke.ch\/wp-content\/uploads\/2023\/12\/Bb-Trompete-Getzen-Eterna-2-4-300x200.jpg 300w, https:\/\/www.klangschmiede-kricke.ch\/wp-content\/uploads\/2023\/12\/Bb-Trompete-Getzen-Eterna-2-4-768x512.jpg 768w\" sizes=\"(max-width: 1024px) 100vw, 1024px\" \/><\/figure>\n\n\n\n<figure class=\"wp-block-image size-full\"><img loading=\"lazy\" width=\"1024\" height=\"683\" src=\"https:\/\/www.klangschmiede-kricke.ch\/wp-content\/uploads\/2023\/12\/Bb-Trompete-Getzen-Eterna-2-5.jpg\" alt=\"\" class=\"wp-image-2737\" srcset=\"https:\/\/www.klangschmiede-kricke.ch\/wp-content\/uploads\/2023\/12\/Bb-Trompete-Getzen-Eterna-2-5.jpg 1024w, https:\/\/www.klangschmiede-kricke.ch\/wp-content\/uploads\/2023\/12\/Bb-Trompete-Getzen-Eterna-2-5-300x200.jpg 300w, https:\/\/www.klangschmiede-kricke.ch\/wp-content\/uploads\/2023\/12\/Bb-Trompete-Getzen-Eterna-2-5-768x512.jpg 768w\" sizes=\"(max-width: 1024px) 100vw, 1024px\" \/><\/figure>\n\n\n\n<figure class=\"wp-block-image size-full\"><img loading=\"lazy\" width=\"1024\" height=\"683\" src=\"https:\/\/www.klangschmiede-kricke.ch\/wp-content\/uploads\/2023\/12\/Bb-Trompete-Getzen-Eterna-2-7.jpg\" alt=\"\" class=\"wp-image-2740\" srcset=\"https:\/\/www.klangschmiede-kricke.ch\/wp-content\/uploads\/2023\/12\/Bb-Trompete-Getzen-Eterna-2-7.jpg 1024w, https:\/\/www.klangschmiede-kricke.ch\/wp-content\/uploads\/2023\/12\/Bb-Trompete-Getzen-Eterna-2-7-300x200.jpg 300w, https:\/\/www.klangschmiede-kricke.ch\/wp-content\/uploads\/2023\/12\/Bb-Trompete-Getzen-Eterna-2-7-768x512.jpg 768w\" sizes=\"(max-width: 1024px) 100vw, 1024px\" \/><\/figure>\n\n\n\n<figure class=\"wp-block-image size-full\"><img loading=\"lazy\" width=\"1024\" height=\"683\" src=\"https:\/\/www.klangschmiede-kricke.ch\/wp-content\/uploads\/2023\/12\/Bb-Trompete-Getzen-Eterna-2-8.jpg\" alt=\"\" class=\"wp-image-2741\" srcset=\"https:\/\/www.klangschmiede-kricke.ch\/wp-content\/uploads\/2023\/12\/Bb-Trompete-Getzen-Eterna-2-8.jpg 1024w, https:\/\/www.klangschmiede-kricke.ch\/wp-content\/uploads\/2023\/12\/Bb-Trompete-Getzen-Eterna-2-8-300x200.jpg 300w, https:\/\/www.klangschmiede-kricke.ch\/wp-content\/uploads\/2023\/12\/Bb-Trompete-Getzen-Eterna-2-8-768x512.jpg 768w\" sizes=\"(max-width: 1024px) 100vw, 1024px\" \/><\/figure>\n\n\n\n<figure class=\"wp-block-image size-full\"><img loading=\"lazy\" width=\"683\" height=\"1024\" src=\"https:\/\/www.klangschmiede-kricke.ch\/wp-content\/uploads\/2023\/12\/Bb-Trompete-Getzen-Eterna-2-12.jpg\" alt=\"\" class=\"wp-image-2742\" srcset=\"https:\/\/www.klangschmiede-kricke.ch\/wp-content\/uploads\/2023\/12\/Bb-Trompete-Getzen-Eterna-2-12.jpg 683w, https:\/\/www.klangschmiede-kricke.ch\/wp-content\/uploads\/2023\/12\/Bb-Trompete-Getzen-Eterna-2-12-200x300.jpg 200w\" sizes=\"(max-width: 683px) 100vw, 683px\" \/><\/figure>\n\n\n\n<figure class=\"wp-block-image size-full\"><img loading=\"lazy\" width=\"1024\" height=\"683\" src=\"https:\/\/www.klangschmiede-kricke.ch\/wp-content\/uploads\/2023\/12\/Bb-Trompete-Getzen-Eterna-2-9.jpg\" alt=\"\" class=\"wp-image-2743\" srcset=\"https:\/\/www.klangschmiede-kricke.ch\/wp-content\/uploads\/2023\/12\/Bb-Trompete-Getzen-Eterna-2-9.jpg 1024w, https:\/\/www.klangschmiede-kricke.ch\/wp-content\/uploads\/2023\/12\/Bb-Trompete-Getzen-Eterna-2-9-300x200.jpg 300w, https:\/\/www.klangschmiede-kricke.ch\/wp-content\/uploads\/2023\/12\/Bb-Trompete-Getzen-Eterna-2-9-768x512.jpg 768w\" sizes=\"(max-width: 1024px) 100vw, 1024px\" \/><\/figure>\n\n\n\n<figure class=\"wp-block-image size-full\"><img loading=\"lazy\" width=\"1024\" height=\"683\" src=\"https:\/\/www.klangschmiede-kricke.ch\/wp-content\/uploads\/2023\/12\/Bb-Trompete-Getzen-Eterna-2-10.jpg\" alt=\"\" class=\"wp-image-2744\" srcset=\"https:\/\/www.klangschmiede-kricke.ch\/wp-content\/uploads\/2023\/12\/Bb-Trompete-Getzen-Eterna-2-10.jpg 1024w, https:\/\/www.klangschmiede-kricke.ch\/wp-content\/uploads\/2023\/12\/Bb-Trompete-Getzen-Eterna-2-10-300x200.jpg 300w, https:\/\/www.klangschmiede-kricke.ch\/wp-content\/uploads\/2023\/12\/Bb-Trompete-Getzen-Eterna-2-10-768x512.jpg 768w\" sizes=\"(max-width: 1024px) 100vw, 1024px\" \/><\/figure>\n\n\n\n<figure class=\"wp-block-image size-full\"><img loading=\"lazy\" width=\"1024\" height=\"683\" src=\"https:\/\/www.klangschmiede-kricke.ch\/wp-content\/uploads\/2023\/12\/Bb-Trompete-Getzen-Eterna-2-11.jpg\" alt=\"\" class=\"wp-image-2745\" srcset=\"https:\/\/www.klangschmiede-kricke.ch\/wp-content\/uploads\/2023\/12\/Bb-Trompete-Getzen-Eterna-2-11.jpg 1024w, https:\/\/www.klangschmiede-kricke.ch\/wp-content\/uploads\/2023\/12\/Bb-Trompete-Getzen-Eterna-2-11-300x200.jpg 300w, https:\/\/www.klangschmiede-kricke.ch\/wp-content\/uploads\/2023\/12\/Bb-Trompete-Getzen-Eterna-2-11-768x512.jpg 768w\" sizes=\"(max-width: 1024px) 100vw, 1024px\" \/><\/figure>\n\n\n\n<figure class=\"wp-block-image size-full\"><img loading=\"lazy\" width=\"1024\" height=\"683\" src=\"https:\/\/www.klangschmiede-kricke.ch\/wp-content\/uploads\/2023\/12\/IBb-Trompete-Getzen-Eterna-2-13.jpg\" alt=\"\" class=\"wp-image-2746\" srcset=\"https:\/\/www.klangschmiede-kricke.ch\/wp-content\/uploads\/2023\/12\/IBb-Trompete-Getzen-Eterna-2-13.jpg 1024w, https:\/\/www.klangschmiede-kricke.ch\/wp-content\/uploads\/2023\/12\/IBb-Trompete-Getzen-Eterna-2-13-300x200.jpg 300w, https:\/\/www.klangschmiede-kricke.ch\/wp-content\/uploads\/2023\/12\/IBb-Trompete-Getzen-Eterna-2-13-768x512.jpg 768w\" sizes=\"(max-width: 1024px) 100vw, 1024px\" \/><\/figure>\n\n\n\n<figure class=\"wp-block-image size-full\"><img loading=\"lazy\" width=\"1024\" height=\"683\" src=\"https:\/\/www.klangschmiede-kricke.ch\/wp-content\/uploads\/2023\/12\/Bb-Trompete-Getzen-Eterna-2-14.jpg\" alt=\"\" class=\"wp-image-2747\" srcset=\"https:\/\/www.klangschmiede-kricke.ch\/wp-content\/uploads\/2023\/12\/Bb-Trompete-Getzen-Eterna-2-14.jpg 1024w, https:\/\/www.klangschmiede-kricke.ch\/wp-content\/uploads\/2023\/12\/Bb-Trompete-Getzen-Eterna-2-14-300x200.jpg 300w, https:\/\/www.klangschmiede-kricke.ch\/wp-content\/uploads\/2023\/12\/Bb-Trompete-Getzen-Eterna-2-14-768x512.jpg 768w\" sizes=\"(max-width: 1024px) 100vw, 1024px\" \/><\/figure>\n\n\n\n<figure class=\"wp-block-image size-full\"><img loading=\"lazy\" width=\"1024\" height=\"683\" src=\"https:\/\/www.klangschmiede-kricke.ch\/wp-content\/uploads\/2023\/12\/Bb-Trompete-Getzen-Eterna-2-15.jpg\" alt=\"\" class=\"wp-image-2748\" srcset=\"https:\/\/www.klangschmiede-kricke.ch\/wp-content\/uploads\/2023\/12\/Bb-Trompete-Getzen-Eterna-2-15.jpg 1024w, https:\/\/www.klangschmiede-kricke.ch\/wp-content\/uploads\/2023\/12\/Bb-Trompete-Getzen-Eterna-2-15-300x200.jpg 300w, https:\/\/www.klangschmiede-kricke.ch\/wp-content\/uploads\/2023\/12\/Bb-Trompete-Getzen-Eterna-2-15-768x512.jpg 768w\" sizes=\"(max-width: 1024px) 100vw, 1024px\" \/><\/figure>\n\n\n\n<figure class=\"wp-block-image size-full\"><img loading=\"lazy\" width=\"1024\" height=\"683\" src=\"https:\/\/www.klangschmiede-kricke.ch\/wp-content\/uploads\/2023\/12\/Bb-Trompete-Getzen-Eterna-2-16.jpg\" alt=\"\" class=\"wp-image-2749\" srcset=\"https:\/\/www.klangschmiede-kricke.ch\/wp-content\/uploads\/2023\/12\/Bb-Trompete-Getzen-Eterna-2-16.jpg 1024w, https:\/\/www.klangschmiede-kricke.ch\/wp-content\/uploads\/2023\/12\/Bb-Trompete-Getzen-Eterna-2-16-300x200.jpg 300w, https:\/\/www.klangschmiede-kricke.ch\/wp-content\/uploads\/2023\/12\/Bb-Trompete-Getzen-Eterna-2-16-768x512.jpg 768w\" sizes=\"(max-width: 1024px) 100vw, 1024px\" \/><\/figure>\n\n\n\n<figure class=\"wp-block-image size-full\"><img loading=\"lazy\" width=\"1024\" height=\"683\" src=\"https:\/\/www.klangschmiede-kricke.ch\/wp-content\/uploads\/2023\/12\/Bb-Trompete-Getzen-Eterna-2-17.jpg\" alt=\"\" class=\"wp-image-2750\" srcset=\"https:\/\/www.klangschmiede-kricke.ch\/wp-content\/uploads\/2023\/12\/Bb-Trompete-Getzen-Eterna-2-17.jpg 1024w, https:\/\/www.klangschmiede-kricke.ch\/wp-content\/uploads\/2023\/12\/Bb-Trompete-Getzen-Eterna-2-17-300x200.jpg 300w, https:\/\/www.klangschmiede-kricke.ch\/wp-content\/uploads\/2023\/12\/Bb-Trompete-Getzen-Eterna-2-17-768x512.jpg 768w\" sizes=\"(max-width: 1024px) 100vw, 1024px\" \/><\/figure>\n\n\n\n<p>Hier handelt es sich um die zweite Baureihe des professionellen Modells &#171;Eterna&#187; vom amerikanischen Hersteller Getzen mit 1. und 3. beweglichem Zug. <br>Das Instrument wurde in alle Einzelteile zerlegt, chemisch gereinigt und aufpoliert, so dass alle Piston und Z\u00fcge einwandfrei laufen. Zudem wurden alle Filze ersetzt und neue, griffige Einlagen an den Ventilkn\u00f6pfen angefertigt.<br>Die Trompete \u00fcberzeugt durch eine leichte Ansprache und gute Intonation.<br>Ausserdem meinte mein Kollege (professioneller Trompeter) nach dem Anspielen, es sei eines der besseren &#171;Eterna&#187;, auch im Vergleich zu Instrumenten der ersten Baureihe. <br>Kommt mit original Koffer in fast neuwertigem Zustand.<\/p>\n\n\n\n<p class=\"has-text-align-right\"><em>verkauft<\/em><\/p>\n","protected":false},"excerpt":{"rendered":"<p>Hier handelt es sich um die zweite Baureihe des professionellen Modells &#171;Eterna&#187; vom amerikanischen Hersteller Getzen mit 1. und 3. beweglichem Zug. Das Instrument wurde in alle Einzelteile zerlegt, chemisch<\/p>\n<p class=\"more-link\"><a href=\"https:\/\/www.klangschmiede-kricke.ch\/index.php\/trompete-getzen-eterna-2\/\" class=\"readmore\">Continue reading&#8230;<span class=\"screen-reader-text\">Trompete Getzen &#171;Eterna 2&#187;<\/span><\/a><\/p>\n","protected":false},"author":1,"featured_media":0,"parent":0,"menu_order":0,"comment_status":"closed","ping_status":"closed","template":"","meta":[],"_links":{"self":[{"href":"https:\/\/www.klangschmiede-kricke.ch\/index.php\/wp-json\/wp\/v2\/pages\/2732"}],"collection":[{"href":"https:\/\/www.klangschmiede-kricke.ch\/index.php\/wp-json\/wp\/v2\/pages"}],"about":[{"href":"https:\/\/www.klangschmiede-kricke.ch\/index.php\/wp-json\/wp\/v2\/types\/page"}],"author":[{"embeddable":true,"href":"https:\/\/www.klangschmiede-kricke.ch\/index.php\/wp-json\/wp\/v2\/users\/1"}],"replies":[{"embeddable":true,"href":"https:\/\/www.klangschmiede-kricke.ch\/index.php\/wp-json\/wp\/v2\/comments?post=2732"}],"version-history":[{"count":6,"href":"https:\/\/www.klangschmiede-kricke.ch\/index.php\/wp-json\/wp\/v2\/pages\/2732\/revisions"}],"predecessor-version":[{"id":2831,"href":"https:\/\/www.klangschmiede-kricke.ch\/index.php\/wp-json\/wp\/v2\/pages\/2732\/revisions\/2831"}],"wp:attachment":[{"href":"https:\/\/www.klangschmiede-kricke.ch\/index.php\/wp-json\/wp\/v2\/media?parent=2732"}],"curies":[{"name":"wp","href":"https:\/\/api.w.org\/{rel}","templated":true}]}}