{"id":478,"date":"2020-12-18T16:14:25","date_gmt":"2020-12-18T16:14:25","guid":{"rendered":"http:\/\/www.klangschmiede-kricke.ch\/?page_id=478"},"modified":"2020-12-19T07:32:18","modified_gmt":"2020-12-19T07:32:18","slug":"holzquerfloete-a-seidel-hamburg","status":"publish","type":"page","link":"http:\/\/www.klangschmiede-kricke.ch\/index.php\/holzquerfloete-a-seidel-hamburg\/","title":{"rendered":"Holzquerfl\u00f6te A. Seidel &#171;Hamburg&#187;"},"content":{"rendered":"\n<figure class=\"wp-block-image size-large\"><img loading=\"lazy\" width=\"1024\" height=\"682\" src=\"http:\/\/www.klangschmiede-kricke.ch\/wp-content\/uploads\/2020\/12\/in-Petto-005.jpg\" alt=\"\" class=\"wp-image-479\" srcset=\"http:\/\/www.klangschmiede-kricke.ch\/wp-content\/uploads\/2020\/12\/in-Petto-005.jpg 1024w, http:\/\/www.klangschmiede-kricke.ch\/wp-content\/uploads\/2020\/12\/in-Petto-005-300x200.jpg 300w, http:\/\/www.klangschmiede-kricke.ch\/wp-content\/uploads\/2020\/12\/in-Petto-005-768x512.jpg 768w\" sizes=\"(max-width: 1024px) 100vw, 1024px\" \/><\/figure>\n\n\n\n<figure class=\"wp-block-image size-large\"><img loading=\"lazy\" width=\"1024\" height=\"682\" src=\"http:\/\/www.klangschmiede-kricke.ch\/wp-content\/uploads\/2020\/12\/A.-Seidel-002.jpg\" alt=\"\" class=\"wp-image-486\" srcset=\"http:\/\/www.klangschmiede-kricke.ch\/wp-content\/uploads\/2020\/12\/A.-Seidel-002.jpg 1024w, http:\/\/www.klangschmiede-kricke.ch\/wp-content\/uploads\/2020\/12\/A.-Seidel-002-300x200.jpg 300w, http:\/\/www.klangschmiede-kricke.ch\/wp-content\/uploads\/2020\/12\/A.-Seidel-002-768x512.jpg 768w\" sizes=\"(max-width: 1024px) 100vw, 1024px\" \/><\/figure>\n\n\n\n<p>seltene  Holzquerf\u00f6te mit offener Gis-Klappe von A. Seidel aus Hamburg. Die Fl\u00f6te ist soweit vorbereitet und muss nur noch gepolstert werden. Es sind \u00fcberall neue, gebl\u00e4ute Nadelfedern eingesetzt, wie das auch urspr\u00fcnglich der Fall war. Genauso sind alle Schrauben aufgewertet und gebl\u00e4ut. Die Mechanik habe ich neu versilbern lassen. <\/p>\n","protected":false},"excerpt":{"rendered":"<p>seltene Holzquerf\u00f6te mit offener Gis-Klappe von A. Seidel aus Hamburg. Die Fl\u00f6te ist soweit vorbereitet und muss nur noch gepolstert werden. Es sind \u00fcberall neue, gebl\u00e4ute Nadelfedern eingesetzt, wie das<\/p>\n<p class=\"more-link\"><a href=\"http:\/\/www.klangschmiede-kricke.ch\/index.php\/holzquerfloete-a-seidel-hamburg\/\" class=\"readmore\">Continue reading&#8230;<span class=\"screen-reader-text\">Holzquerfl\u00f6te A. Seidel &#171;Hamburg&#187;<\/span><\/a><\/p>\n","protected":false},"author":1,"featured_media":0,"parent":0,"menu_order":0,"comment_status":"closed","ping_status":"closed","template":"","meta":[],"_links":{"self":[{"href":"http:\/\/www.klangschmiede-kricke.ch\/index.php\/wp-json\/wp\/v2\/pages\/478"}],"collection":[{"href":"http:\/\/www.klangschmiede-kricke.ch\/index.php\/wp-json\/wp\/v2\/pages"}],"about":[{"href":"http:\/\/www.klangschmiede-kricke.ch\/index.php\/wp-json\/wp\/v2\/types\/page"}],"author":[{"embeddable":true,"href":"http:\/\/www.klangschmiede-kricke.ch\/index.php\/wp-json\/wp\/v2\/users\/1"}],"replies":[{"embeddable":true,"href":"http:\/\/www.klangschmiede-kricke.ch\/index.php\/wp-json\/wp\/v2\/comments?post=478"}],"version-history":[{"count":2,"href":"http:\/\/www.klangschmiede-kricke.ch\/index.php\/wp-json\/wp\/v2\/pages\/478\/revisions"}],"predecessor-version":[{"id":487,"href":"http:\/\/www.klangschmiede-kricke.ch\/index.php\/wp-json\/wp\/v2\/pages\/478\/revisions\/487"}],"wp:attachment":[{"href":"http:\/\/www.klangschmiede-kricke.ch\/index.php\/wp-json\/wp\/v2\/media?parent=478"}],"curies":[{"name":"wp","href":"https:\/\/api.w.org\/{rel}","templated":true}]}}

Holzquerflöte A. Seidel &#171;Hamburg&#187;

<figure class="wp-block-image size-large"><img loading="lazy" width="1024" height="682" src="http://www.klangschmiede-kricke.ch/wp-content/uploads/2020/12/in-Petto-005.jpg" alt="" class="wp-image-479" srcset="http://www.klangschmiede-kricke.ch/wp-content/uploads/2020/12/in-Petto-005.jpg 1024w, http://www.klangschmiede-kricke.ch/wp-content/uploads/2020/12/in-Petto-005-300x200.jpg 300w, http://www.klangschmiede-kricke.ch/wp-content/uploads/2020/12/in-Petto-005-768x512.jpg 768w" sizes="(max-width: 1024px) 100vw, 1024px" /></figure>



<figure class="wp-block-image size-large"><img loading="lazy" width="1024" height="682" src="http://www.klangschmiede-kricke.ch/wp-content/uploads/2020/12/A.-Seidel-002.jpg" alt="" class="wp-image-486" srcset="http://www.klangschmiede-kricke.ch/wp-content/uploads/2020/12/A.-Seidel-002.jpg 1024w, http://www.klangschmiede-kricke.ch/wp-content/uploads/2020/12/A.-Seidel-002-300x200.jpg 300w, http://www.klangschmiede-kricke.ch/wp-content/uploads/2020/12/A.-Seidel-002-768x512.jpg 768w" sizes="(max-width: 1024px) 100vw, 1024px" /></figure>



<p>seltene  Holzquerföte mit offener Gis-Klappe von A. Seidel aus Hamburg. Die Flöte ist soweit vorbereitet und muss nur noch gepolstert werden. Es sind überall neue, gebläute Nadelfedern eingesetzt, wie das auch ursprünglich der Fall war. Genauso sind alle Schrauben aufgewertet und gebläut. Die Mechanik habe ich neu versilbern lassen. </p>

<p>seltene Holzquerföte mit offener Gis-Klappe von A. Seidel aus Hamburg. Die Flöte ist soweit vorbereitet und muss nur noch gepolstert werden. Es sind überall neue, gebläute Nadelfedern eingesetzt, wie das</p>
<p class="more-link"><a href="http://www.klangschmiede-kricke.ch/index.php/holzquerfloete-a-seidel-hamburg/" class="readmore">Continue reading&#8230;<span class="screen-reader-text">Holzquerflöte A. Seidel &#171;Hamburg&#187;</span></a></p>
