{"id":43,"date":"2019-12-31T15:15:21","date_gmt":"2019-12-31T15:15:21","guid":{"rendered":"http:\/\/www.klangschmiede-kricke.ch\/?page_id=43"},"modified":"2021-05-16T04:27:44","modified_gmt":"2021-05-16T04:27:44","slug":"reparaturen","status":"publish","type":"page","link":"http:\/\/www.klangschmiede-kricke.ch\/index.php\/reparaturen\/","title":{"rendered":"Reparaturen"},"content":{"rendered":"\n<p>Ihre Spielfreude ist entscheidend abh\u00e4ngig von der tadellosen Funktion des Instrumentes. Gerne nehme ich Ihr Instrument genauer unter die Lupe, sollten Sie Probleme mit der Ansprache, Spielbarkeit oder Intonation haben. Oftmals sind die Ursachen daf\u00fcr rasch ausgeleuchtet und ich kann mit Ihnen zusammen den allf\u00e4lligen Reparaturaufwand besprechen. Dabei gehe ich selbstverst\u00e4ndlich auf pers\u00f6nliche Bed\u00fcrfnisse und W\u00fcnsche ein. Folgende Arbeiten werden ausgef\u00fchrt:<\/p>\n\n\n\n<ul><li>Reinigungen<\/li><li>Sturzsch\u00e4den richten<\/li><li>Einstellung\/Nachjustierung der Mechanik<\/li><li>Teilrevisionen<\/li><li>General\u00fcberholungen, Restaurationen<\/li><li>Sonderanfertigungen<\/li><\/ul>\n\n\n\n<p>F\u00fcr die Reparaturen werden ausgew\u00e4hlte, hochwertige Materialien, sowie eigens angefertigte Einzelteile verwendet. <\/p>\n\n\n\n<figure class=\"wp-block-gallery columns-3 is-cropped\"><ul class=\"blocks-gallery-grid\"><li class=\"blocks-gallery-item\"><figure><img loading=\"lazy\" width=\"1024\" height=\"683\" src=\"http:\/\/www.klangschmiede-kricke.ch\/wp-content\/uploads\/2020\/01\/KSK-1197-1024x683.jpg\" alt=\"\" data-id=\"123\" data-link=\"http:\/\/www.klangschmiede-kricke.ch\/index.php\/reparaturen\/ksk-1197\/\" class=\"wp-image-123\" srcset=\"http:\/\/www.klangschmiede-kricke.ch\/wp-content\/uploads\/2020\/01\/KSK-1197-1024x683.jpg 1024w, http:\/\/www.klangschmiede-kricke.ch\/wp-content\/uploads\/2020\/01\/KSK-1197-300x200.jpg 300w, http:\/\/www.klangschmiede-kricke.ch\/wp-content\/uploads\/2020\/01\/KSK-1197-768x512.jpg 768w, http:\/\/www.klangschmiede-kricke.ch\/wp-content\/uploads\/2020\/01\/KSK-1197-1536x1024.jpg 1536w, http:\/\/www.klangschmiede-kricke.ch\/wp-content\/uploads\/2020\/01\/KSK-1197-2048x1365.jpg 2048w\" sizes=\"(max-width: 1024px) 100vw, 1024px\" \/><\/figure><\/li><li class=\"blocks-gallery-item\"><figure><img loading=\"lazy\" width=\"1024\" height=\"683\" src=\"http:\/\/www.klangschmiede-kricke.ch\/wp-content\/uploads\/2020\/01\/KSK-1266-1024x683.jpg\" alt=\"\" data-id=\"124\" data-link=\"http:\/\/www.klangschmiede-kricke.ch\/index.php\/reparaturen\/ksk-1266\/\" class=\"wp-image-124\" srcset=\"http:\/\/www.klangschmiede-kricke.ch\/wp-content\/uploads\/2020\/01\/KSK-1266-1024x683.jpg 1024w, http:\/\/www.klangschmiede-kricke.ch\/wp-content\/uploads\/2020\/01\/KSK-1266-300x200.jpg 300w, http:\/\/www.klangschmiede-kricke.ch\/wp-content\/uploads\/2020\/01\/KSK-1266-768x512.jpg 768w, http:\/\/www.klangschmiede-kricke.ch\/wp-content\/uploads\/2020\/01\/KSK-1266-1536x1024.jpg 1536w, http:\/\/www.klangschmiede-kricke.ch\/wp-content\/uploads\/2020\/01\/KSK-1266-2048x1365.jpg 2048w\" sizes=\"(max-width: 1024px) 100vw, 1024px\" \/><\/figure><\/li><li class=\"blocks-gallery-item\"><figure><img loading=\"lazy\" width=\"1024\" height=\"683\" src=\"http:\/\/www.klangschmiede-kricke.ch\/wp-content\/uploads\/2020\/01\/KSK-1275-1024x683.jpg\" alt=\"\" data-id=\"126\" data-link=\"http:\/\/www.klangschmiede-kricke.ch\/index.php\/reparaturen\/ksk-1275\/\" class=\"wp-image-126\" srcset=\"http:\/\/www.klangschmiede-kricke.ch\/wp-content\/uploads\/2020\/01\/KSK-1275-1024x683.jpg 1024w, http:\/\/www.klangschmiede-kricke.ch\/wp-content\/uploads\/2020\/01\/KSK-1275-300x200.jpg 300w, http:\/\/www.klangschmiede-kricke.ch\/wp-content\/uploads\/2020\/01\/KSK-1275-768x512.jpg 768w, http:\/\/www.klangschmiede-kricke.ch\/wp-content\/uploads\/2020\/01\/KSK-1275-1536x1024.jpg 1536w, http:\/\/www.klangschmiede-kricke.ch\/wp-content\/uploads\/2020\/01\/KSK-1275-2048x1365.jpg 2048w\" sizes=\"(max-width: 1024px) 100vw, 1024px\" \/><\/figure><\/li><li class=\"blocks-gallery-item\"><figure><img loading=\"lazy\" width=\"1024\" height=\"683\" src=\"http:\/\/www.klangschmiede-kricke.ch\/wp-content\/uploads\/2020\/01\/KSK-1288-1024x683.jpg\" alt=\"\" data-id=\"127\" data-link=\"http:\/\/www.klangschmiede-kricke.ch\/index.php\/reparaturen\/ksk-1288\/\" class=\"wp-image-127\" srcset=\"http:\/\/www.klangschmiede-kricke.ch\/wp-content\/uploads\/2020\/01\/KSK-1288-1024x683.jpg 1024w, http:\/\/www.klangschmiede-kricke.ch\/wp-content\/uploads\/2020\/01\/KSK-1288-300x200.jpg 300w, http:\/\/www.klangschmiede-kricke.ch\/wp-content\/uploads\/2020\/01\/KSK-1288-768x512.jpg 768w, http:\/\/www.klangschmiede-kricke.ch\/wp-content\/uploads\/2020\/01\/KSK-1288-1536x1024.jpg 1536w, http:\/\/www.klangschmiede-kricke.ch\/wp-content\/uploads\/2020\/01\/KSK-1288-2048x1365.jpg 2048w\" sizes=\"(max-width: 1024px) 100vw, 1024px\" \/><\/figure><\/li><li class=\"blocks-gallery-item\"><figure><img loading=\"lazy\" width=\"1024\" height=\"683\" src=\"http:\/\/www.klangschmiede-kricke.ch\/wp-content\/uploads\/2020\/01\/KSK-1297-1024x683.jpg\" alt=\"\" data-id=\"128\" data-full-url=\"http:\/\/www.klangschmiede-kricke.ch\/wp-content\/uploads\/2020\/01\/KSK-1297.jpg\" data-link=\"http:\/\/www.klangschmiede-kricke.ch\/index.php\/reparaturen\/ksk-1297\/\" class=\"wp-image-128\" srcset=\"http:\/\/www.klangschmiede-kricke.ch\/wp-content\/uploads\/2020\/01\/KSK-1297-1024x683.jpg 1024w, http:\/\/www.klangschmiede-kricke.ch\/wp-content\/uploads\/2020\/01\/KSK-1297-300x200.jpg 300w, http:\/\/www.klangschmiede-kricke.ch\/wp-content\/uploads\/2020\/01\/KSK-1297-768x512.jpg 768w, http:\/\/www.klangschmiede-kricke.ch\/wp-content\/uploads\/2020\/01\/KSK-1297-1536x1024.jpg 1536w, http:\/\/www.klangschmiede-kricke.ch\/wp-content\/uploads\/2020\/01\/KSK-1297-2048x1365.jpg 2048w\" sizes=\"(max-width: 1024px) 100vw, 1024px\" \/><\/figure><\/li><\/ul><\/figure>\n\n\n\n<p><\/p>\n","protected":false},"excerpt":{"rendered":"<p>Ihre Spielfreude ist entscheidend abh\u00e4ngig von der tadellosen Funktion des Instrumentes. Gerne nehme ich Ihr Instrument genauer unter die Lupe, sollten Sie Probleme mit der Ansprache, Spielbarkeit oder Intonation haben.<\/p>\n<p class=\"more-link\"><a href=\"http:\/\/www.klangschmiede-kricke.ch\/index.php\/reparaturen\/\" class=\"readmore\">Continue reading&#8230;<span class=\"screen-reader-text\">Reparaturen<\/span><\/a><\/p>\n","protected":false},"author":1,"featured_media":0,"parent":0,"menu_order":0,"comment_status":"closed","ping_status":"closed","template":"","meta":[],"_links":{"self":[{"href":"http:\/\/www.klangschmiede-kricke.ch\/index.php\/wp-json\/wp\/v2\/pages\/43"}],"collection":[{"href":"http:\/\/www.klangschmiede-kricke.ch\/index.php\/wp-json\/wp\/v2\/pages"}],"about":[{"href":"http:\/\/www.klangschmiede-kricke.ch\/index.php\/wp-json\/wp\/v2\/types\/page"}],"author":[{"embeddable":true,"href":"http:\/\/www.klangschmiede-kricke.ch\/index.php\/wp-json\/wp\/v2\/users\/1"}],"replies":[{"embeddable":true,"href":"http:\/\/www.klangschmiede-kricke.ch\/index.php\/wp-json\/wp\/v2\/comments?post=43"}],"version-history":[{"count":5,"href":"http:\/\/www.klangschmiede-kricke.ch\/index.php\/wp-json\/wp\/v2\/pages\/43\/revisions"}],"predecessor-version":[{"id":641,"href":"http:\/\/www.klangschmiede-kricke.ch\/index.php\/wp-json\/wp\/v2\/pages\/43\/revisions\/641"}],"wp:attachment":[{"href":"http:\/\/www.klangschmiede-kricke.ch\/index.php\/wp-json\/wp\/v2\/media?parent=43"}],"curies":[{"name":"wp","href":"https:\/\/api.w.org\/{rel}","templated":true}]}}