{"id":323,"date":"2020-11-13T06:34:19","date_gmt":"2020-11-13T06:34:19","guid":{"rendered":"http:\/\/www.klangschmiede-kricke.ch\/?page_id=323"},"modified":"2022-01-28T19:57:21","modified_gmt":"2022-01-28T19:57:21","slug":"altsaxophon-keilwerth-the-new-king-versilbert","status":"publish","type":"page","link":"http:\/\/www.klangschmiede-kricke.ch\/index.php\/altsaxophon-keilwerth-the-new-king-versilbert\/","title":{"rendered":"Altsaxophon Keilwerth &#171;The New King&#187; versilbert"},"content":{"rendered":"\n<figure class=\"wp-block-image size-full\"><img loading=\"lazy\" width=\"662\" height=\"1024\" src=\"http:\/\/www.klangschmiede-kricke.ch\/wp-content\/uploads\/2022\/01\/Altsaxophon-Keilwerth-New-King-versilbert-1.jpg\" alt=\"\" class=\"wp-image-1456\" srcset=\"http:\/\/www.klangschmiede-kricke.ch\/wp-content\/uploads\/2022\/01\/Altsaxophon-Keilwerth-New-King-versilbert-1.jpg 662w, http:\/\/www.klangschmiede-kricke.ch\/wp-content\/uploads\/2022\/01\/Altsaxophon-Keilwerth-New-King-versilbert-1-194x300.jpg 194w\" sizes=\"(max-width: 662px) 100vw, 662px\" \/><\/figure>\n\n\n\n<figure class=\"wp-block-image size-full\"><img loading=\"lazy\" width=\"1024\" height=\"683\" src=\"http:\/\/www.klangschmiede-kricke.ch\/wp-content\/uploads\/2022\/01\/Altsaxophon-Keilwerth-The-New-King-versilbert-1.jpg\" alt=\"\" class=\"wp-image-1457\" srcset=\"http:\/\/www.klangschmiede-kricke.ch\/wp-content\/uploads\/2022\/01\/Altsaxophon-Keilwerth-The-New-King-versilbert-1.jpg 1024w, http:\/\/www.klangschmiede-kricke.ch\/wp-content\/uploads\/2022\/01\/Altsaxophon-Keilwerth-The-New-King-versilbert-1-300x200.jpg 300w, http:\/\/www.klangschmiede-kricke.ch\/wp-content\/uploads\/2022\/01\/Altsaxophon-Keilwerth-The-New-King-versilbert-1-768x512.jpg 768w\" sizes=\"(max-width: 1024px) 100vw, 1024px\" \/><\/figure>\n\n\n\n<figure class=\"wp-block-image size-full\"><img loading=\"lazy\" width=\"1024\" height=\"683\" src=\"http:\/\/www.klangschmiede-kricke.ch\/wp-content\/uploads\/2022\/01\/Altsaxophon-Keilwerth-The-New-King-versilbert-2.jpg\" alt=\"\" class=\"wp-image-1458\" srcset=\"http:\/\/www.klangschmiede-kricke.ch\/wp-content\/uploads\/2022\/01\/Altsaxophon-Keilwerth-The-New-King-versilbert-2.jpg 1024w, http:\/\/www.klangschmiede-kricke.ch\/wp-content\/uploads\/2022\/01\/Altsaxophon-Keilwerth-The-New-King-versilbert-2-300x200.jpg 300w, http:\/\/www.klangschmiede-kricke.ch\/wp-content\/uploads\/2022\/01\/Altsaxophon-Keilwerth-The-New-King-versilbert-2-768x512.jpg 768w\" sizes=\"(max-width: 1024px) 100vw, 1024px\" \/><\/figure>\n\n\n\n<figure class=\"wp-block-image size-full\"><img loading=\"lazy\" width=\"683\" height=\"1024\" src=\"http:\/\/www.klangschmiede-kricke.ch\/wp-content\/uploads\/2022\/01\/Altsaxophon-Keilwerth-The-New-King-versilbert-3.jpg\" alt=\"\" class=\"wp-image-1460\" srcset=\"http:\/\/www.klangschmiede-kricke.ch\/wp-content\/uploads\/2022\/01\/Altsaxophon-Keilwerth-The-New-King-versilbert-3.jpg 683w, http:\/\/www.klangschmiede-kricke.ch\/wp-content\/uploads\/2022\/01\/Altsaxophon-Keilwerth-The-New-King-versilbert-3-200x300.jpg 200w\" sizes=\"(max-width: 683px) 100vw, 683px\" \/><\/figure>\n\n\n\n<figure class=\"wp-block-image size-full\"><img loading=\"lazy\" width=\"683\" height=\"1024\" src=\"http:\/\/www.klangschmiede-kricke.ch\/wp-content\/uploads\/2022\/01\/Altsaxophon-Keilwerth-The-New-King-versilbert-4.jpg\" alt=\"\" class=\"wp-image-1461\" srcset=\"http:\/\/www.klangschmiede-kricke.ch\/wp-content\/uploads\/2022\/01\/Altsaxophon-Keilwerth-The-New-King-versilbert-4.jpg 683w, http:\/\/www.klangschmiede-kricke.ch\/wp-content\/uploads\/2022\/01\/Altsaxophon-Keilwerth-The-New-King-versilbert-4-200x300.jpg 200w\" sizes=\"(max-width: 683px) 100vw, 683px\" \/><\/figure>\n\n\n\n<figure class=\"wp-block-image size-full\"><img loading=\"lazy\" width=\"683\" height=\"1024\" src=\"http:\/\/www.klangschmiede-kricke.ch\/wp-content\/uploads\/2022\/01\/Altsaxophon-Keilwerth-The-New-King-versilbert-5.jpg\" alt=\"\" class=\"wp-image-1462\" srcset=\"http:\/\/www.klangschmiede-kricke.ch\/wp-content\/uploads\/2022\/01\/Altsaxophon-Keilwerth-The-New-King-versilbert-5.jpg 683w, http:\/\/www.klangschmiede-kricke.ch\/wp-content\/uploads\/2022\/01\/Altsaxophon-Keilwerth-The-New-King-versilbert-5-200x300.jpg 200w\" sizes=\"(max-width: 683px) 100vw, 683px\" \/><\/figure>\n\n\n\n<figure class=\"wp-block-image size-full\"><img loading=\"lazy\" width=\"683\" height=\"1024\" src=\"http:\/\/www.klangschmiede-kricke.ch\/wp-content\/uploads\/2022\/01\/Altsaxophon-Keilwerth-The-New-King-versilbert-6.jpg\" alt=\"\" class=\"wp-image-1463\" srcset=\"http:\/\/www.klangschmiede-kricke.ch\/wp-content\/uploads\/2022\/01\/Altsaxophon-Keilwerth-The-New-King-versilbert-6.jpg 683w, http:\/\/www.klangschmiede-kricke.ch\/wp-content\/uploads\/2022\/01\/Altsaxophon-Keilwerth-The-New-King-versilbert-6-200x300.jpg 200w\" sizes=\"(max-width: 683px) 100vw, 683px\" \/><\/figure>\n\n\n\n<figure class=\"wp-block-image size-full\"><img loading=\"lazy\" width=\"683\" height=\"1024\" src=\"http:\/\/www.klangschmiede-kricke.ch\/wp-content\/uploads\/2022\/01\/Altsaxophon-Keilwerth-The-New-King-versilbert-7.jpg\" alt=\"\" class=\"wp-image-1464\" srcset=\"http:\/\/www.klangschmiede-kricke.ch\/wp-content\/uploads\/2022\/01\/Altsaxophon-Keilwerth-The-New-King-versilbert-7.jpg 683w, http:\/\/www.klangschmiede-kricke.ch\/wp-content\/uploads\/2022\/01\/Altsaxophon-Keilwerth-The-New-King-versilbert-7-200x300.jpg 200w\" sizes=\"(max-width: 683px) 100vw, 683px\" \/><\/figure>\n\n\n\n<figure class=\"wp-block-image size-full\"><img loading=\"lazy\" width=\"683\" height=\"1024\" src=\"http:\/\/www.klangschmiede-kricke.ch\/wp-content\/uploads\/2022\/01\/Altsaxophon-Keilwerth-The-New-King-versilbert-9.jpg\" alt=\"\" class=\"wp-image-1465\" srcset=\"http:\/\/www.klangschmiede-kricke.ch\/wp-content\/uploads\/2022\/01\/Altsaxophon-Keilwerth-The-New-King-versilbert-9.jpg 683w, http:\/\/www.klangschmiede-kricke.ch\/wp-content\/uploads\/2022\/01\/Altsaxophon-Keilwerth-The-New-King-versilbert-9-200x300.jpg 200w\" sizes=\"(max-width: 683px) 100vw, 683px\" \/><\/figure>\n\n\n\n<figure class=\"wp-block-image size-full\"><img loading=\"lazy\" width=\"1024\" height=\"683\" src=\"http:\/\/www.klangschmiede-kricke.ch\/wp-content\/uploads\/2022\/01\/Altsaxophon-Keilwerth-The-New-King-versilbert-10-rotated.jpg\" alt=\"\" class=\"wp-image-1466\" srcset=\"http:\/\/www.klangschmiede-kricke.ch\/wp-content\/uploads\/2022\/01\/Altsaxophon-Keilwerth-The-New-King-versilbert-10-rotated.jpg 1024w, http:\/\/www.klangschmiede-kricke.ch\/wp-content\/uploads\/2022\/01\/Altsaxophon-Keilwerth-The-New-King-versilbert-10-300x200.jpg 300w, http:\/\/www.klangschmiede-kricke.ch\/wp-content\/uploads\/2022\/01\/Altsaxophon-Keilwerth-The-New-King-versilbert-10-768x512.jpg 768w\" sizes=\"(max-width: 1024px) 100vw, 1024px\" \/><\/figure>\n\n\n\n<figure class=\"wp-block-image size-full\"><img loading=\"lazy\" width=\"1024\" height=\"683\" src=\"http:\/\/www.klangschmiede-kricke.ch\/wp-content\/uploads\/2022\/01\/Altsaxophon-Keilwerth-The-New-King-versilbert-11.jpg\" alt=\"\" class=\"wp-image-1467\" srcset=\"http:\/\/www.klangschmiede-kricke.ch\/wp-content\/uploads\/2022\/01\/Altsaxophon-Keilwerth-The-New-King-versilbert-11.jpg 1024w, http:\/\/www.klangschmiede-kricke.ch\/wp-content\/uploads\/2022\/01\/Altsaxophon-Keilwerth-The-New-King-versilbert-11-300x200.jpg 300w, http:\/\/www.klangschmiede-kricke.ch\/wp-content\/uploads\/2022\/01\/Altsaxophon-Keilwerth-The-New-King-versilbert-11-768x512.jpg 768w\" sizes=\"(max-width: 1024px) 100vw, 1024px\" \/><\/figure>\n\n\n\n<figure class=\"wp-block-image size-full\"><img loading=\"lazy\" width=\"683\" height=\"1024\" src=\"http:\/\/www.klangschmiede-kricke.ch\/wp-content\/uploads\/2022\/01\/Altsaxophon-Keilwerth-The-New-King-versilbert-12.jpg\" alt=\"\" class=\"wp-image-1468\" srcset=\"http:\/\/www.klangschmiede-kricke.ch\/wp-content\/uploads\/2022\/01\/Altsaxophon-Keilwerth-The-New-King-versilbert-12.jpg 683w, http:\/\/www.klangschmiede-kricke.ch\/wp-content\/uploads\/2022\/01\/Altsaxophon-Keilwerth-The-New-King-versilbert-12-200x300.jpg 200w\" sizes=\"(max-width: 683px) 100vw, 683px\" \/><\/figure>\n\n\n\n<figure class=\"wp-block-image size-full\"><img loading=\"lazy\" width=\"683\" height=\"1024\" src=\"http:\/\/www.klangschmiede-kricke.ch\/wp-content\/uploads\/2022\/01\/Altsaxophon-Keilwerth-The-New-King-versilbert-13.jpg\" alt=\"\" class=\"wp-image-1469\" srcset=\"http:\/\/www.klangschmiede-kricke.ch\/wp-content\/uploads\/2022\/01\/Altsaxophon-Keilwerth-The-New-King-versilbert-13.jpg 683w, http:\/\/www.klangschmiede-kricke.ch\/wp-content\/uploads\/2022\/01\/Altsaxophon-Keilwerth-The-New-King-versilbert-13-200x300.jpg 200w\" sizes=\"(max-width: 683px) 100vw, 683px\" \/><\/figure>\n\n\n\n<figure class=\"wp-block-image size-full\"><img loading=\"lazy\" width=\"1024\" height=\"683\" src=\"http:\/\/www.klangschmiede-kricke.ch\/wp-content\/uploads\/2022\/01\/Altsaxophon-Keilwerth-The-New-King-versilbert-15.jpg\" alt=\"\" class=\"wp-image-1470\" srcset=\"http:\/\/www.klangschmiede-kricke.ch\/wp-content\/uploads\/2022\/01\/Altsaxophon-Keilwerth-The-New-King-versilbert-15.jpg 1024w, http:\/\/www.klangschmiede-kricke.ch\/wp-content\/uploads\/2022\/01\/Altsaxophon-Keilwerth-The-New-King-versilbert-15-300x200.jpg 300w, http:\/\/www.klangschmiede-kricke.ch\/wp-content\/uploads\/2022\/01\/Altsaxophon-Keilwerth-The-New-King-versilbert-15-768x512.jpg 768w\" sizes=\"(max-width: 1024px) 100vw, 1024px\" \/><\/figure>\n\n\n\n<figure class=\"wp-block-image size-full\"><img loading=\"lazy\" width=\"1024\" height=\"683\" src=\"http:\/\/www.klangschmiede-kricke.ch\/wp-content\/uploads\/2022\/01\/Altsaxophon-Keilwerth-The-New-King-versilbert-16.jpg\" alt=\"\" class=\"wp-image-1471\" srcset=\"http:\/\/www.klangschmiede-kricke.ch\/wp-content\/uploads\/2022\/01\/Altsaxophon-Keilwerth-The-New-King-versilbert-16.jpg 1024w, http:\/\/www.klangschmiede-kricke.ch\/wp-content\/uploads\/2022\/01\/Altsaxophon-Keilwerth-The-New-King-versilbert-16-300x200.jpg 300w, http:\/\/www.klangschmiede-kricke.ch\/wp-content\/uploads\/2022\/01\/Altsaxophon-Keilwerth-The-New-King-versilbert-16-768x512.jpg 768w\" sizes=\"(max-width: 1024px) 100vw, 1024px\" \/><\/figure>\n\n\n\n<figure class=\"wp-block-image size-full\"><img loading=\"lazy\" width=\"1024\" height=\"683\" src=\"http:\/\/www.klangschmiede-kricke.ch\/wp-content\/uploads\/2022\/01\/Altsaxophon-Keilwerth-The-New-King-versilbert-17.jpg\" alt=\"\" class=\"wp-image-1472\" srcset=\"http:\/\/www.klangschmiede-kricke.ch\/wp-content\/uploads\/2022\/01\/Altsaxophon-Keilwerth-The-New-King-versilbert-17.jpg 1024w, http:\/\/www.klangschmiede-kricke.ch\/wp-content\/uploads\/2022\/01\/Altsaxophon-Keilwerth-The-New-King-versilbert-17-300x200.jpg 300w, http:\/\/www.klangschmiede-kricke.ch\/wp-content\/uploads\/2022\/01\/Altsaxophon-Keilwerth-The-New-King-versilbert-17-768x512.jpg 768w\" sizes=\"(max-width: 1024px) 100vw, 1024px\" \/><\/figure>\n\n\n\n<figure class=\"wp-block-image size-full\"><img loading=\"lazy\" width=\"1024\" height=\"683\" src=\"http:\/\/www.klangschmiede-kricke.ch\/wp-content\/uploads\/2022\/01\/Altsaxophon-Keilwerth-The-New-King-versilbert-18.jpg\" alt=\"\" class=\"wp-image-1473\" srcset=\"http:\/\/www.klangschmiede-kricke.ch\/wp-content\/uploads\/2022\/01\/Altsaxophon-Keilwerth-The-New-King-versilbert-18.jpg 1024w, http:\/\/www.klangschmiede-kricke.ch\/wp-content\/uploads\/2022\/01\/Altsaxophon-Keilwerth-The-New-King-versilbert-18-300x200.jpg 300w, http:\/\/www.klangschmiede-kricke.ch\/wp-content\/uploads\/2022\/01\/Altsaxophon-Keilwerth-The-New-King-versilbert-18-768x512.jpg 768w\" sizes=\"(max-width: 1024px) 100vw, 1024px\" \/><\/figure>\n\n\n\n<figure class=\"wp-block-image size-full\"><img loading=\"lazy\" width=\"1024\" height=\"683\" src=\"http:\/\/www.klangschmiede-kricke.ch\/wp-content\/uploads\/2022\/01\/Altsaxophon-Keilwerth-The-New-King-versilbert-19.jpg\" alt=\"\" class=\"wp-image-1474\" srcset=\"http:\/\/www.klangschmiede-kricke.ch\/wp-content\/uploads\/2022\/01\/Altsaxophon-Keilwerth-The-New-King-versilbert-19.jpg 1024w, http:\/\/www.klangschmiede-kricke.ch\/wp-content\/uploads\/2022\/01\/Altsaxophon-Keilwerth-The-New-King-versilbert-19-300x200.jpg 300w, http:\/\/www.klangschmiede-kricke.ch\/wp-content\/uploads\/2022\/01\/Altsaxophon-Keilwerth-The-New-King-versilbert-19-768x512.jpg 768w\" sizes=\"(max-width: 1024px) 100vw, 1024px\" \/><\/figure>\n\n\n\n<figure class=\"wp-block-image size-full\"><img loading=\"lazy\" width=\"1024\" height=\"683\" src=\"http:\/\/www.klangschmiede-kricke.ch\/wp-content\/uploads\/2022\/01\/Altsaxophon-Keilwerth-The-New-King-Goldlack-versilbert.jpg\" alt=\"\" class=\"wp-image-1475\" srcset=\"http:\/\/www.klangschmiede-kricke.ch\/wp-content\/uploads\/2022\/01\/Altsaxophon-Keilwerth-The-New-King-Goldlack-versilbert.jpg 1024w, http:\/\/www.klangschmiede-kricke.ch\/wp-content\/uploads\/2022\/01\/Altsaxophon-Keilwerth-The-New-King-Goldlack-versilbert-300x200.jpg 300w, http:\/\/www.klangschmiede-kricke.ch\/wp-content\/uploads\/2022\/01\/Altsaxophon-Keilwerth-The-New-King-Goldlack-versilbert-768x512.jpg 768w\" sizes=\"(max-width: 1024px) 100vw, 1024px\" \/><\/figure>\n\n\n\n<p>Hier handelt es sich um einen wundersch\u00f6nen Vintage-Klassiker der Firma Julius Keilwerth aus den 60ern. Das Saxophon \u00fcberzeugt durch einen sch\u00f6n kr\u00e4ftigen Klang, hat durch den grossen Becher viel Power in der tiefen Lage und wirkt trotzdem ausgeglichen zu den oberen Registern.<br>Das Instrument wurde general\u00fcberholt, ist in diesem Zustand neuwertig und f\u00fcr lange Zeit ohne weiteren Service spielbar. Im ersten Jahr hat man die Gelegenheit, das Instrument gratis zur Kontrolle zu bringen!<br>Bei der Revision wurde die Mechanik demontiert, gereinigt\/poliert, eingezogen und mit neuen Kork-\/Filzunterlagen sowie prof. Leder-Polstern best\u00fcckt.<br>Das Korpus wurde gereinigt\/poliert, die Tonl\u00f6cher geebnet und Nadelfedern teilweise erneuert. <br>Das letzte Bild zeigt den etwas gr\u00f6sseren Becherrand am versilberten &#171;New King&#187;!<\/p>\n\n\n\n<p class=\"has-text-align-right\"><em>verkauft<\/em><\/p>\n","protected":false},"excerpt":{"rendered":"<p>Hier handelt es sich um einen wundersch\u00f6nen Vintage-Klassiker der Firma Julius Keilwerth aus den 60ern. Das Saxophon \u00fcberzeugt durch einen sch\u00f6n kr\u00e4ftigen Klang, hat durch den grossen Becher viel Power<\/p>\n<p class=\"more-link\"><a href=\"http:\/\/www.klangschmiede-kricke.ch\/index.php\/altsaxophon-keilwerth-the-new-king-versilbert\/\" class=\"readmore\">Continue reading&#8230;<span class=\"screen-reader-text\">Altsaxophon Keilwerth &#171;The New King&#187; versilbert<\/span><\/a><\/p>\n","protected":false},"author":1,"featured_media":0,"parent":0,"menu_order":0,"comment_status":"closed","ping_status":"closed","template":"","meta":[],"_links":{"self":[{"href":"http:\/\/www.klangschmiede-kricke.ch\/index.php\/wp-json\/wp\/v2\/pages\/323"}],"collection":[{"href":"http:\/\/www.klangschmiede-kricke.ch\/index.php\/wp-json\/wp\/v2\/pages"}],"about":[{"href":"http:\/\/www.klangschmiede-kricke.ch\/index.php\/wp-json\/wp\/v2\/types\/page"}],"author":[{"embeddable":true,"href":"http:\/\/www.klangschmiede-kricke.ch\/index.php\/wp-json\/wp\/v2\/users\/1"}],"replies":[{"embeddable":true,"href":"http:\/\/www.klangschmiede-kricke.ch\/index.php\/wp-json\/wp\/v2\/comments?post=323"}],"version-history":[{"count":14,"href":"http:\/\/www.klangschmiede-kricke.ch\/index.php\/wp-json\/wp\/v2\/pages\/323\/revisions"}],"predecessor-version":[{"id":1508,"href":"http:\/\/www.klangschmiede-kricke.ch\/index.php\/wp-json\/wp\/v2\/pages\/323\/revisions\/1508"}],"wp:attachment":[{"href":"http:\/\/www.klangschmiede-kricke.ch\/index.php\/wp-json\/wp\/v2\/media?parent=323"}],"curies":[{"name":"wp","href":"https:\/\/api.w.org\/{rel}","templated":true}]}}