{"id":1642,"date":"2022-02-27T21:05:46","date_gmt":"2022-02-27T21:05:46","guid":{"rendered":"http:\/\/www.klangschmiede-kricke.ch\/?page_id=1642"},"modified":"2022-05-31T14:56:45","modified_gmt":"2022-05-31T14:56:45","slug":"querfloete-sankyo-etude-offen","status":"publish","type":"page","link":"http:\/\/www.klangschmiede-kricke.ch\/index.php\/querfloete-sankyo-etude-offen\/","title":{"rendered":"Querfl\u00f6te Sankyo &#171;Etude&#187;, offen"},"content":{"rendered":"\n<figure class=\"wp-block-image size-full\"><img loading=\"lazy\" width=\"1024\" height=\"683\" src=\"http:\/\/www.klangschmiede-kricke.ch\/wp-content\/uploads\/2022\/02\/Sankyo-Etude-Querfloete-2.jpg\" alt=\"\" class=\"wp-image-1643\" srcset=\"http:\/\/www.klangschmiede-kricke.ch\/wp-content\/uploads\/2022\/02\/Sankyo-Etude-Querfloete-2.jpg 1024w, http:\/\/www.klangschmiede-kricke.ch\/wp-content\/uploads\/2022\/02\/Sankyo-Etude-Querfloete-2-300x200.jpg 300w, http:\/\/www.klangschmiede-kricke.ch\/wp-content\/uploads\/2022\/02\/Sankyo-Etude-Querfloete-2-768x512.jpg 768w\" sizes=\"(max-width: 1024px) 100vw, 1024px\" \/><\/figure>\n\n\n\n<figure class=\"wp-block-image size-full\"><img loading=\"lazy\" width=\"1024\" height=\"683\" src=\"http:\/\/www.klangschmiede-kricke.ch\/wp-content\/uploads\/2022\/02\/Sankyo-Etude-Querfloete-3.jpg\" alt=\"\" class=\"wp-image-1644\" srcset=\"http:\/\/www.klangschmiede-kricke.ch\/wp-content\/uploads\/2022\/02\/Sankyo-Etude-Querfloete-3.jpg 1024w, http:\/\/www.klangschmiede-kricke.ch\/wp-content\/uploads\/2022\/02\/Sankyo-Etude-Querfloete-3-300x200.jpg 300w, http:\/\/www.klangschmiede-kricke.ch\/wp-content\/uploads\/2022\/02\/Sankyo-Etude-Querfloete-3-768x512.jpg 768w\" sizes=\"(max-width: 1024px) 100vw, 1024px\" \/><\/figure>\n\n\n\n<figure class=\"wp-block-image size-full\"><img loading=\"lazy\" width=\"1024\" height=\"683\" src=\"http:\/\/www.klangschmiede-kricke.ch\/wp-content\/uploads\/2022\/02\/Sankyo-Etude-Querfloete-4.jpg\" alt=\"\" class=\"wp-image-1645\" srcset=\"http:\/\/www.klangschmiede-kricke.ch\/wp-content\/uploads\/2022\/02\/Sankyo-Etude-Querfloete-4.jpg 1024w, http:\/\/www.klangschmiede-kricke.ch\/wp-content\/uploads\/2022\/02\/Sankyo-Etude-Querfloete-4-300x200.jpg 300w, http:\/\/www.klangschmiede-kricke.ch\/wp-content\/uploads\/2022\/02\/Sankyo-Etude-Querfloete-4-768x512.jpg 768w\" sizes=\"(max-width: 1024px) 100vw, 1024px\" \/><\/figure>\n\n\n\n<figure class=\"wp-block-image size-full\"><img loading=\"lazy\" width=\"1024\" height=\"683\" src=\"http:\/\/www.klangschmiede-kricke.ch\/wp-content\/uploads\/2022\/02\/Sankyo-Etude-Querfloete-10-1-rotated.jpg\" alt=\"\" class=\"wp-image-1663\" srcset=\"http:\/\/www.klangschmiede-kricke.ch\/wp-content\/uploads\/2022\/02\/Sankyo-Etude-Querfloete-10-1-rotated.jpg 1024w, http:\/\/www.klangschmiede-kricke.ch\/wp-content\/uploads\/2022\/02\/Sankyo-Etude-Querfloete-10-1-300x200.jpg 300w, http:\/\/www.klangschmiede-kricke.ch\/wp-content\/uploads\/2022\/02\/Sankyo-Etude-Querfloete-10-1-768x512.jpg 768w\" sizes=\"(max-width: 1024px) 100vw, 1024px\" \/><\/figure>\n\n\n\n<figure class=\"wp-block-image size-full\"><img loading=\"lazy\" width=\"1024\" height=\"683\" src=\"http:\/\/www.klangschmiede-kricke.ch\/wp-content\/uploads\/2022\/02\/Sankyo-Etude-Querfloete-8.jpg\" alt=\"\" class=\"wp-image-1649\" srcset=\"http:\/\/www.klangschmiede-kricke.ch\/wp-content\/uploads\/2022\/02\/Sankyo-Etude-Querfloete-8.jpg 1024w, http:\/\/www.klangschmiede-kricke.ch\/wp-content\/uploads\/2022\/02\/Sankyo-Etude-Querfloete-8-300x200.jpg 300w, http:\/\/www.klangschmiede-kricke.ch\/wp-content\/uploads\/2022\/02\/Sankyo-Etude-Querfloete-8-768x512.jpg 768w\" sizes=\"(max-width: 1024px) 100vw, 1024px\" \/><\/figure>\n\n\n\n<figure class=\"wp-block-image size-full\"><img loading=\"lazy\" width=\"1024\" height=\"683\" src=\"http:\/\/www.klangschmiede-kricke.ch\/wp-content\/uploads\/2022\/02\/Sankyo-Etude-Querfloete-9.jpg\" alt=\"\" class=\"wp-image-1650\" srcset=\"http:\/\/www.klangschmiede-kricke.ch\/wp-content\/uploads\/2022\/02\/Sankyo-Etude-Querfloete-9.jpg 1024w, http:\/\/www.klangschmiede-kricke.ch\/wp-content\/uploads\/2022\/02\/Sankyo-Etude-Querfloete-9-300x200.jpg 300w, http:\/\/www.klangschmiede-kricke.ch\/wp-content\/uploads\/2022\/02\/Sankyo-Etude-Querfloete-9-768x512.jpg 768w\" sizes=\"(max-width: 1024px) 100vw, 1024px\" \/><\/figure>\n\n\n\n<figure class=\"wp-block-image size-full\"><img loading=\"lazy\" width=\"1024\" height=\"683\" src=\"http:\/\/www.klangschmiede-kricke.ch\/wp-content\/uploads\/2022\/02\/Sankyo-Etude-Querfloete-5.jpg\" alt=\"\" class=\"wp-image-1646\" srcset=\"http:\/\/www.klangschmiede-kricke.ch\/wp-content\/uploads\/2022\/02\/Sankyo-Etude-Querfloete-5.jpg 1024w, http:\/\/www.klangschmiede-kricke.ch\/wp-content\/uploads\/2022\/02\/Sankyo-Etude-Querfloete-5-300x200.jpg 300w, http:\/\/www.klangschmiede-kricke.ch\/wp-content\/uploads\/2022\/02\/Sankyo-Etude-Querfloete-5-768x512.jpg 768w\" sizes=\"(max-width: 1024px) 100vw, 1024px\" \/><\/figure>\n\n\n\n<figure class=\"wp-block-image size-full\"><img loading=\"lazy\" width=\"1024\" height=\"683\" src=\"http:\/\/www.klangschmiede-kricke.ch\/wp-content\/uploads\/2022\/02\/Sankyo-Etude-Querfloete-6.jpg\" alt=\"\" class=\"wp-image-1647\" srcset=\"http:\/\/www.klangschmiede-kricke.ch\/wp-content\/uploads\/2022\/02\/Sankyo-Etude-Querfloete-6.jpg 1024w, http:\/\/www.klangschmiede-kricke.ch\/wp-content\/uploads\/2022\/02\/Sankyo-Etude-Querfloete-6-300x200.jpg 300w, http:\/\/www.klangschmiede-kricke.ch\/wp-content\/uploads\/2022\/02\/Sankyo-Etude-Querfloete-6-768x512.jpg 768w\" sizes=\"(max-width: 1024px) 100vw, 1024px\" \/><\/figure>\n\n\n\n<figure class=\"wp-block-image size-full\"><img loading=\"lazy\" width=\"1024\" height=\"683\" src=\"http:\/\/www.klangschmiede-kricke.ch\/wp-content\/uploads\/2022\/02\/Sankyo-Etude-Querfloete-7.jpg\" alt=\"\" class=\"wp-image-1648\" srcset=\"http:\/\/www.klangschmiede-kricke.ch\/wp-content\/uploads\/2022\/02\/Sankyo-Etude-Querfloete-7.jpg 1024w, http:\/\/www.klangschmiede-kricke.ch\/wp-content\/uploads\/2022\/02\/Sankyo-Etude-Querfloete-7-300x200.jpg 300w, http:\/\/www.klangschmiede-kricke.ch\/wp-content\/uploads\/2022\/02\/Sankyo-Etude-Querfloete-7-768x512.jpg 768w\" sizes=\"(max-width: 1024px) 100vw, 1024px\" \/><\/figure>\n\n\n\n<figure class=\"wp-block-image size-full\"><img loading=\"lazy\" width=\"1024\" height=\"683\" src=\"http:\/\/www.klangschmiede-kricke.ch\/wp-content\/uploads\/2022\/02\/Sankyo-Etude-Querfloete-12.jpg\" alt=\"\" class=\"wp-image-1652\" srcset=\"http:\/\/www.klangschmiede-kricke.ch\/wp-content\/uploads\/2022\/02\/Sankyo-Etude-Querfloete-12.jpg 1024w, http:\/\/www.klangschmiede-kricke.ch\/wp-content\/uploads\/2022\/02\/Sankyo-Etude-Querfloete-12-300x200.jpg 300w, http:\/\/www.klangschmiede-kricke.ch\/wp-content\/uploads\/2022\/02\/Sankyo-Etude-Querfloete-12-768x512.jpg 768w\" sizes=\"(max-width: 1024px) 100vw, 1024px\" \/><\/figure>\n\n\n\n<figure class=\"wp-block-image size-full\"><img loading=\"lazy\" width=\"1024\" height=\"683\" src=\"http:\/\/www.klangschmiede-kricke.ch\/wp-content\/uploads\/2022\/02\/Sankyo-Etude-Querfloete-13.jpg\" alt=\"\" class=\"wp-image-1653\" srcset=\"http:\/\/www.klangschmiede-kricke.ch\/wp-content\/uploads\/2022\/02\/Sankyo-Etude-Querfloete-13.jpg 1024w, http:\/\/www.klangschmiede-kricke.ch\/wp-content\/uploads\/2022\/02\/Sankyo-Etude-Querfloete-13-300x200.jpg 300w, http:\/\/www.klangschmiede-kricke.ch\/wp-content\/uploads\/2022\/02\/Sankyo-Etude-Querfloete-13-768x512.jpg 768w\" sizes=\"(max-width: 1024px) 100vw, 1024px\" \/><\/figure>\n\n\n\n<figure class=\"wp-block-image size-full\"><img loading=\"lazy\" width=\"1024\" height=\"683\" src=\"http:\/\/www.klangschmiede-kricke.ch\/wp-content\/uploads\/2022\/02\/Sankyo-Etude-Querfloete-14.jpg\" alt=\"\" class=\"wp-image-1654\" srcset=\"http:\/\/www.klangschmiede-kricke.ch\/wp-content\/uploads\/2022\/02\/Sankyo-Etude-Querfloete-14.jpg 1024w, http:\/\/www.klangschmiede-kricke.ch\/wp-content\/uploads\/2022\/02\/Sankyo-Etude-Querfloete-14-300x200.jpg 300w, http:\/\/www.klangschmiede-kricke.ch\/wp-content\/uploads\/2022\/02\/Sankyo-Etude-Querfloete-14-768x512.jpg 768w\" sizes=\"(max-width: 1024px) 100vw, 1024px\" \/><\/figure>\n\n\n\n<figure class=\"wp-block-image size-full\"><img loading=\"lazy\" width=\"1024\" height=\"683\" src=\"http:\/\/www.klangschmiede-kricke.ch\/wp-content\/uploads\/2022\/02\/Sankyo-Etude-Querfloete-1.jpg\" alt=\"\" class=\"wp-image-1655\" srcset=\"http:\/\/www.klangschmiede-kricke.ch\/wp-content\/uploads\/2022\/02\/Sankyo-Etude-Querfloete-1.jpg 1024w, http:\/\/www.klangschmiede-kricke.ch\/wp-content\/uploads\/2022\/02\/Sankyo-Etude-Querfloete-1-300x200.jpg 300w, http:\/\/www.klangschmiede-kricke.ch\/wp-content\/uploads\/2022\/02\/Sankyo-Etude-Querfloete-1-768x512.jpg 768w\" sizes=\"(max-width: 1024px) 100vw, 1024px\" \/><\/figure>\n\n\n\n<p>Eine weitere Querfl\u00f6te von Sankyo mit offener Mechanik in Linie ist nach einer aufwendigen General\u00fcberholung parat f\u00fcr die n\u00e4chste Spielzeit. <br>Auch hier wurden alle Materialien erneuert und das Instrument mechanisch auf Vordermann gebracht. Der Grossteil der Mechanik wurde frisch versilbert und die Fl\u00f6te ist somit in neuwertigem Zustand.<br>Das Vollsilber-Kopfst\u00fcck (900) sorgt f\u00fcr einen vollen, warmen Klang. <br>F\u00fcr die Ringklappen habe ich Kork-Eins\u00e4tze gemacht, wodurch die Fl\u00f6te sowohl geschlossen als auch offen gespielt werden kann.<br>Mit dabei ist ein gratis Check im ersten halben Jahr!<\/p>\n\n\n\n<p class=\"has-text-align-right\"><em>verkauft<\/em><\/p>\n","protected":false},"excerpt":{"rendered":"<p>Eine weitere Querfl\u00f6te von Sankyo mit offener Mechanik in Linie ist nach einer aufwendigen General\u00fcberholung parat f\u00fcr die n\u00e4chste Spielzeit. Auch hier wurden alle Materialien erneuert und das Instrument mechanisch<\/p>\n<p class=\"more-link\"><a href=\"http:\/\/www.klangschmiede-kricke.ch\/index.php\/querfloete-sankyo-etude-offen\/\" class=\"readmore\">Continue reading&#8230;<span class=\"screen-reader-text\">Querfl\u00f6te Sankyo &#171;Etude&#187;, offen<\/span><\/a><\/p>\n","protected":false},"author":1,"featured_media":0,"parent":0,"menu_order":0,"comment_status":"closed","ping_status":"closed","template":"","meta":[],"_links":{"self":[{"href":"http:\/\/www.klangschmiede-kricke.ch\/index.php\/wp-json\/wp\/v2\/pages\/1642"}],"collection":[{"href":"http:\/\/www.klangschmiede-kricke.ch\/index.php\/wp-json\/wp\/v2\/pages"}],"about":[{"href":"http:\/\/www.klangschmiede-kricke.ch\/index.php\/wp-json\/wp\/v2\/types\/page"}],"author":[{"embeddable":true,"href":"http:\/\/www.klangschmiede-kricke.ch\/index.php\/wp-json\/wp\/v2\/users\/1"}],"replies":[{"embeddable":true,"href":"http:\/\/www.klangschmiede-kricke.ch\/index.php\/wp-json\/wp\/v2\/comments?post=1642"}],"version-history":[{"count":7,"href":"http:\/\/www.klangschmiede-kricke.ch\/index.php\/wp-json\/wp\/v2\/pages\/1642\/revisions"}],"predecessor-version":[{"id":1703,"href":"http:\/\/www.klangschmiede-kricke.ch\/index.php\/wp-json\/wp\/v2\/pages\/1642\/revisions\/1703"}],"wp:attachment":[{"href":"http:\/\/www.klangschmiede-kricke.ch\/index.php\/wp-json\/wp\/v2\/media?parent=1642"}],"curies":[{"name":"wp","href":"https:\/\/api.w.org\/{rel}","templated":true}]}}